{"id":25,"date":"2011-02-19T19:26:09","date_gmt":"2011-02-19T18:26:09","guid":{"rendered":"http:\/\/scrabble.hexproblems.com\/?page_id=25"},"modified":"2017-02-26T14:13:34","modified_gmt":"2017-02-26T13:13:34","slug":"sprakreglement","status":"publish","type":"page","link":"http:\/\/www2.scrabbleforbundet.no\/?page_id=25","title":{"rendered":"Spr\u00e5kreglement"},"content":{"rendered":"<p>I turneringer som arrangeres av Norsk scrabbleforbund, brukes Tanums store rettskrivningsordbok (9. utgave) som oppslagsverk for \u00e5 avgj\u00f8re om et ord skal godkjennes. Siden ikke alle b\u00f8yningsformene er oppgitt i ordboka, har Spr\u00e5kkomiteen utarbeidet et reglement til bruk for \u00e5 avgj\u00f8re hvilke b\u00f8yningsformer som er tillatt. Hovedregelen er at alle b\u00f8yningsformer i vanlig bruk i moderne norsk skal godkjennes, bortsett fra genitiv. Spillere som ikke har lyst til \u00e5 sette seg inn i de detaljerte reglene, kan stort sett avgj\u00f8re om et ord er tillatt ved \u00e5 sp\u00f8rre seg om det kan brukes i en setning. For en del grensetilfeller er det imidlertid n\u00f8dvendig \u00e5 lese reglementet.<\/p>\n<p>I tillegg til ordene i Tanums godkjennes ogs\u00e5 nesten alle ord i <a href=\"www.scrabbleforbundet.no\/?page_id=1488\">NSF-ordlisten<\/a>, den ordlisten som benyttes i Wordfeud og Ordspill, under NSFs arrangementer. Men ettersom denne ordlisten fremdeles inneholder datagenererte b\u00f8yninger, vil det fortsatt v\u00e6re slik at disse ikke n\u00f8dvendigvis vil bli godkjent av en dommer under en turnering. Spr\u00e5kreglementet som definerer hvilke b\u00f8yninger som er grammatisk korrekte vil fremdeles v\u00e6re gjeldende.<\/p>\n<p>Videre er det slik at NSF-ordlisten ogs\u00e5 inneholder ord som rett og slett ikke burde st\u00e5 der, fordi de er feilstavet eller feiloppf\u00f8rt (det henger for eksempel igjen noen utdaterte skrivem\u00e5ter, noen egennavn som er feilaktig oppf\u00f8rt som substantiver o.l.). Dersom en dommer under en turnering f\u00e5r et slikt ord til vurdering, kan det bli underkjent hvis dommeren er helt sikker p\u00e5 at det st\u00e5r i ordlisten ved en feil.<\/p>\n<p>P\u00e5 samme m\u00e5te tillater vi v\u00e5re dommere \u00e5 benytte skj\u00f8nn. Dette er f\u00f8rst og fremst aktuelt for substantiver, og da gjerne sammensatte ord som neppe vil bli brukt i flertall. For eksempel kan ordet TID ha flertallsformen TIDER, og ordet V\u00c6SKE kan ha flertallsformen V\u00c6SKENE. Dette betyr likevel ikke at sammensatte ord med disse to ordene som sisteledd automatisk vil bli godkjent med flertallsformer. B\u00f8yninger som \u00c5TTETIDER og \u00d8REV\u00c6SKENE vil dermed bli underkjent dersom dommeren ikke finner belegg for at disse formene er i bruk.<\/p>\n<p>De korte ordene er selve limet i et parti Scrabble. Under fanen Ordlister her p\u00e5 siden er det publisert lister over alle ord p\u00e5 to, tre, fire og fem bokstaver. Disse listene er identiske uansett om man spiller Scrabble, Wordfeud eller Ordspill.<\/p>\n<p>&nbsp;<\/p>\n<p>Det er viktig \u00e5 huske at disse reglene f\u00f8rst og fremst er ment som turneringsreglement for turneringene til Norsk scrabbleforbund. I en turnering er det viktig \u00e5 ha et regelverk som er s\u00e5 entydig som mulig, og som i minst mulig grad avhenger av dommerens skj\u00f8nn, ellers ville man risikere at et ord som godkjennes i \u00e9n turnering ikke godkjennes i den neste fordi dommeren er en annen. I andre sammenhenger, n\u00e5r man spiller med familie og venner, kan det v\u00e6re naturlig med regler som ikke er like strenge, og man bruker gjerne sunn fornuft for \u00e5 avgj\u00f8re om noe er et ordentlig ord eller ikke.<\/p>\n<p><a href=\"http:\/\/www2.scrabbleforbundet.no\/wp-content\/uploads\/2011\/03\/regler.pdf\">NSFs spr\u00e5kreglement (PDF)<\/a><\/p>\n","protected":false},"excerpt":{"rendered":"<p>I turneringer som arrangeres av Norsk scrabbleforbund, brukes Tanums store rettskrivningsordbok (9. utgave) som oppslagsverk for \u00e5 avgj\u00f8re om et ord skal godkjennes. Siden ikke alle b\u00f8yningsformene er oppgitt i ordboka, har Spr\u00e5kkomiteen utarbeidet et reglement til bruk for \u00e5 &hellip; <a href=\"http:\/\/www2.scrabbleforbundet.no\/?page_id=25\">Les videre <span class=\"meta-nav\">&rarr;<\/span><\/a><\/p>\n","protected":false},"author":2,"featured_media":0,"parent":20,"menu_order":0,"comment_status":"open","ping_status":"closed","template":"","meta":{"_bbp_topic_count":0,"_bbp_reply_count":0,"_bbp_total_topic_count":0,"_bbp_total_reply_count":0,"_bbp_voice_count":0,"_bbp_anonymous_reply_count":0,"_bbp_topic_count_hidden":0,"_bbp_reply_count_hidden":0,"_bbp_forum_subforum_count":0,"footnotes":""},"class_list":["post-25","page","type-page","status-publish","hentry"],"_links":{"self":[{"href":"http:\/\/www2.scrabbleforbundet.no\/index.php?rest_route=\/wp\/v2\/pages\/25","targetHints":{"allow":["GET"]}}],"collection":[{"href":"http:\/\/www2.scrabbleforbundet.no\/index.php?rest_route=\/wp\/v2\/pages"}],"about":[{"href":"http:\/\/www2.scrabbleforbundet.no\/index.php?rest_route=\/wp\/v2\/types\/page"}],"author":[{"embeddable":true,"href":"http:\/\/www2.scrabbleforbundet.no\/index.php?rest_route=\/wp\/v2\/users\/2"}],"replies":[{"embeddable":true,"href":"http:\/\/www2.scrabbleforbundet.no\/index.php?rest_route=%2Fwp%2Fv2%2Fcomments&post=25"}],"version-history":[{"count":6,"href":"http:\/\/www2.scrabbleforbundet.no\/index.php?rest_route=\/wp\/v2\/pages\/25\/revisions"}],"predecessor-version":[{"id":4010,"href":"http:\/\/www2.scrabbleforbundet.no\/index.php?rest_route=\/wp\/v2\/pages\/25\/revisions\/4010"}],"up":[{"embeddable":true,"href":"http:\/\/www2.scrabbleforbundet.no\/index.php?rest_route=\/wp\/v2\/pages\/20"}],"wp:attachment":[{"href":"http:\/\/www2.scrabbleforbundet.no\/index.php?rest_route=%2Fwp%2Fv2%2Fmedia&parent=25"}],"curies":[{"name":"wp","href":"https:\/\/api.w.org\/{rel}","templated":true}]}}