{"id":1488,"date":"2012-07-18T13:58:05","date_gmt":"2012-07-18T12:58:05","guid":{"rendered":"http:\/\/www2.scrabbleforbundet.no\/?page_id=1488"},"modified":"2025-09-30T20:21:28","modified_gmt":"2025-09-30T18:21:28","slug":"nsf-ordlisten","status":"publish","type":"page","link":"https:\/\/www2.scrabbleforbundet.no\/?page_id=1488","title":{"rendered":"NSF-ordlista"},"content":{"rendered":"<p><strong>Generelt om NSF-ordlista<\/strong><\/p>\n<p>Fra 20. juli 2012 er det NSF-ordlista som benyttes i <a title=\"Wordfeud\" href=\"http:\/\/wordfeud.com\/\" target=\"_blank\" rel=\"noopener noreferrer\">Wordfeud<\/a> og p\u00e5 <a title=\"Ordspill\" href=\"http:\/\/www.ordspill.no\/startpage_no\/\" target=\"_blank\" rel=\"noopener noreferrer\">Ordspill<\/a>. Den nyeste versjonen ble lansert i september 2025. NSF-ordlista lages av spr\u00e5kkomiteen til Norsk scrabbleforbund (NSF), som ogs\u00e5 har copyright p\u00e5 ordlista.<\/p>\n<p><strong>Hvor f\u00e5r jeg tak i<\/strong><strong> NSF-ordlista?<\/strong><\/p>\n<p>Du kan laste ned ordlista NSF25 <a href=\"https:\/\/www2.scrabbleforbundet.no\/?p=5127\">her.<\/a><\/p>\n<p><strong>Litt mer informasjon<\/strong><\/p>\n<p>NSF-ordlisten er basert p\u00e5 fullformsordlista til Norsk ordbank. I tillegg inneholder den tusenvis av nye ord med b\u00f8yninger, samtidig som en rekke feil er rettet og ord som ikke f\u00f8lger gjeldende rettskrivningsnormer er tatt ut.<\/p>\n<p>Fullformsordlista til Norsk ordbank bar preg av at alle b\u00f8yninger var datagenerert uten hensyn til om de ga mening eller var grammatisk korrekte. Det er et m\u00f8ysommelig arbeid \u00e5 rydde opp i dette, fordi hvert ord m\u00e5 vurderes, men vi har n\u00e5 kommet langt med det arbeidet.<\/p>\n<p>M\u00e5let er \u00e5 lage en ordliste som er s\u00e5 god og rikholdig som mulig, og som samtidig vil bli oppdatert med jevne mellomrom. Disse oppdateringene vil b\u00e5de best\u00e5 i feilretting og i at nye ord legges til.<\/p>\n<p><strong>Om de nye ordene<\/strong><\/p>\n<p>De nye ordene er blant annet hentet fra eksisterende allmennordb\u00f8ker som Tanums store rettskrivningsordbok og Norsk ordbok, fra en rekke andre ordb\u00f8ker, og fra kilder som Store Norske Leksikon, Wikipedia og Artsdatabanken. En annen og sv\u00e6rt viktig kilde har v\u00e6rt spillerne \u2013 folk som spiller Wordfeud, Ordspill og Scrabble har meldt fra til oss om ord de mener burde bli godkjent, men ikke blir det fordi de mangler i ordlista. Vi vil rette en stor takk til hver og en av disse spillerne, og h\u00e5per dette dugnadsarbeidet fortsetter. Vi setter ogs\u00e5 stor pris p\u00e5 \u00e5 f\u00e5 beskjed hvis noen oppdager feil i den nye ordlista. Ta en tur innom <a title=\"\u00d8nskeliste\" href=\"http:\/\/www2.scrabbleforbundet.no\/?page_id=2112\">\u00f8nskelistesiden v\u00e5r<\/a> hvis du har forslag \u00e5 komme med!<\/p>\n<p>Spr\u00e5ket utvikler seg, nye ord oppst\u00e5r og importeres, og ikke alle ord kommer med i ordlister og ordb\u00f8ker. P\u00e5 norsk st\u00e5r de sammensatte ordene i en s\u00e6rstilling \u2013 disse er ofte ikke \u00e5 finne i ordb\u00f8kene, men de b\u00f8r st\u00e5 i en ordliste som brukes i Scrabble og lignende spill. Samtidig vil ikke hva som helst av sammensatte ord og nyord bli tatt inn. Vi m\u00e5 ha belegg for at de faktisk benyttes i ganske stor grad.<\/p>\n<p>NSF kan heller ikke p\u00e5ta seg ansvaret for \u00e5 normere hva som er norske ord og hvordan disse skal b\u00f8yes. Vi har derfor v\u00e6rt, og kommer fortsatt til \u00e5 v\u00e6re, restriktive med \u00e5 ta inn importord det ikke allerede eksisterer en normering for.<\/p>\n<p><strong>Hvordan blir NSF-ordlista brukt?<\/strong><\/p>\n<p>I tillegg til at ordlista er tatt i bruk av Wordfeud og Ordspill, blir den ogs\u00e5 brukt under NSFs egne turneringer.<\/p>\n<p>I NSF-turneringer vil den nye ordlista v\u00e6re autoritativ opp til og med\u00a0<strong>\u00e5tte <\/strong>bokstaver. Det betyr at hvis et ord har inntil \u00e5tte bokstaver, skal det godkjennes hvis det st\u00e5r i ordlista og underkjennes hvis det ikke gj\u00f8r det. For ord med flere enn \u00e5tte bokstaver er reglene som tidligere: Dersom et slikt ord st\u00e5r i NSF-ordlista, m\u00e5 en dommer vurdere om det er snakk om en tillatt b\u00f8yningsform. Dessuten godkjennes ord med grunnform p\u00e5 flere enn \u00e5tte bokstaver hvis de st\u00e5r i den niende utgaven av Tanums rettskrivningsordbok.<\/p>\n<p>NSF-ordlista inneholder n\u00e5 ogs\u00e5 ord som bare forekommer i faste uttrykk, for eksempel \u00absengs\u00bb i uttrykket \u00abtil sengs\u00bb. Dette gjelder bare ord som forekommer i norske uttrykk, eller uttrykk som er s\u00e5 innarbeidet i spr\u00e5ket at de gjerne oppfattes som norske, slik som \u00abad undas\u00bb.<\/p>\n<p><strong>Litt om juks og \u00e6rlig spill<\/strong><\/p>\n<p>Vi vil p\u00e5 det sterkeste oppfordre alle spillere til \u00e5 spille \u00e6rlig. Det inneb\u00e6rer at man gjerne kan sjekke lister og pugge ord f\u00f8r og etter spill, men at man ikke bruker ordlistene til \u00e5 finne ut hvilke ord som g\u00e5r og ikke g\u00e5r underveis i et spill. Og det inneb\u00e6rer selvsagt ogs\u00e5 at man ikke bruker jukseapper eller nettsider som tilbyr \u201dhjelp\u201d med \u00e5 finne de beste leggene. Gj\u00f8r tankearbeidet selv, s\u00e5 blir spillet morsommere for alle parter, og du kan ta imot motspillerens gratulasjon fordi du var best, ikke fordi du var best til \u00e5 jukse.<\/p>\n","protected":false},"excerpt":{"rendered":"<p>Generelt om NSF-ordlista Fra 20. juli 2012 er det NSF-ordlista som benyttes i Wordfeud og p\u00e5 Ordspill. Den nyeste versjonen ble lansert i september 2025. NSF-ordlista lages av spr\u00e5kkomiteen til Norsk scrabbleforbund (NSF), som ogs\u00e5 har copyright p\u00e5 ordlista. Hvor &hellip; <a href=\"https:\/\/www2.scrabbleforbundet.no\/?page_id=1488\">Les videre <span class=\"meta-nav\">&rarr;<\/span><\/a><\/p>\n","protected":false},"author":3,"featured_media":0,"parent":83,"menu_order":1,"comment_status":"open","ping_status":"open","template":"","meta":{"_bbp_topic_count":0,"_bbp_reply_count":0,"_bbp_total_topic_count":0,"_bbp_total_reply_count":0,"_bbp_voice_count":0,"_bbp_anonymous_reply_count":0,"_bbp_topic_count_hidden":0,"_bbp_reply_count_hidden":0,"_bbp_forum_subforum_count":0,"footnotes":""},"class_list":["post-1488","page","type-page","status-publish","hentry"],"_links":{"self":[{"href":"https:\/\/www2.scrabbleforbundet.no\/index.php?rest_route=\/wp\/v2\/pages\/1488","targetHints":{"allow":["GET"]}}],"collection":[{"href":"https:\/\/www2.scrabbleforbundet.no\/index.php?rest_route=\/wp\/v2\/pages"}],"about":[{"href":"https:\/\/www2.scrabbleforbundet.no\/index.php?rest_route=\/wp\/v2\/types\/page"}],"author":[{"embeddable":true,"href":"https:\/\/www2.scrabbleforbundet.no\/index.php?rest_route=\/wp\/v2\/users\/3"}],"replies":[{"embeddable":true,"href":"https:\/\/www2.scrabbleforbundet.no\/index.php?rest_route=%2Fwp%2Fv2%2Fcomments&post=1488"}],"version-history":[{"count":36,"href":"https:\/\/www2.scrabbleforbundet.no\/index.php?rest_route=\/wp\/v2\/pages\/1488\/revisions"}],"predecessor-version":[{"id":5142,"href":"https:\/\/www2.scrabbleforbundet.no\/index.php?rest_route=\/wp\/v2\/pages\/1488\/revisions\/5142"}],"up":[{"embeddable":true,"href":"https:\/\/www2.scrabbleforbundet.no\/index.php?rest_route=\/wp\/v2\/pages\/83"}],"wp:attachment":[{"href":"https:\/\/www2.scrabbleforbundet.no\/index.php?rest_route=%2Fwp%2Fv2%2Fmedia&parent=1488"}],"curies":[{"name":"wp","href":"https:\/\/api.w.org\/{rel}","templated":true}]}}